s digit of u?
6
Suppose 238 = 2*h + 3*f, 2*h - 2*f + 0*f - 238 = 0. Suppose -s + h = -105. Suppose 2*m = -2*m + s. What is the units digit of m?
6
Suppose 35 - 13 = -o. Let q = -20 - o. What is the units digit of (q - (-8)/(-12))*39?
2
Let a(j) = -7*j - 109. What is the units digit of a(-26)?
3
Let x be (-4 - 93) + 3*1. Let w(g) = 4*g**3 + 6*g**2 - 5*g - 5. Let q be w(3). Let r = x + q. What is the tens digit of r?
4
Let b(v) = 4*v - 15. Suppose 0 = 3*y - 4*r + 7*r - 45, 2*y = 3*r + 10. What is the tens digit of b(y)?
2
Let t = -165 + 239. What is the tens digit of t?
7
Let f(p) = 14*p - 7. Let n(z) = 15*z - 6. Let h(o) = -6*f(o) + 5*n(o). Let d be h(-7). Suppose -d = -m - 2*m. What is the units digit of m?
5
Let k(w) = -5*w - 2. Let s be k(1). Let y = 24 + s. What is the tens digit of y?
1
Suppose -k + 2*k - 4*n - 205 = 0, -5*k + 4*n = -977. Let z = 298 - k. What is the units digit of z?
5
What is the hundreds digit of (-19013)/(-7) + (72/(-14) - -5)?
7
Let t be ((-4)/3)/(1/(-6)). What is the tens digit of (-15)/(-12) - (-134)/t?
1
Let z(q) = -4*q**3 + 6*q**2 + 8*q + 7. What is the hundreds digit of z(-3)?
1
Suppose -16 = 8*t - 40. Suppose t*n - 186 = -n + 2*h, 2*n + h = 91. What is the tens digit of n?
4
Let j be 55*(240/25)/(-6). Let h = 153 + j. What is the units digit of h?
5
Let n(k) = 72*k + 195. What is the units digit of n(7)?
9
What is the hundreds digit of (-3266)/(-6) - 2*(-6)/18?
5
Suppose 2*j + j - 113 = -2*v, -5*v = j - 55. Suppose 6*l + j = l. What is the units digit of (-2)/l - (-2168)/56?
9
Suppose 3*t - 1231 = -2*d, d = -7*t + 8*t + 608. What is the tens digit of d?
1
Suppose 56*j - 15974 = 6482. What is the tens digit of j?
0
Let o(l) be the second derivative of l**3/6 + 11*l**2 - 5*l. Suppose 3*x + 19 = -8. What is the units digit of o(x)?
3
Suppose 7*c - 8*c + 2 = 0. Suppose 4*j - 104 = c*n, 5*j + 0*j - 5*n - 135 = 0. What is the tens digit of j?
2
Suppose -7295 = -14*a + 321. What is the tens digit of a?
4
Suppose 3*v - 2*k - 1 - 1 = 0, v + 6 = 2*k. Suppose 3*d - 2*d - 199 = -v*j, d + 1 = 0. What is the units digit of j?
0
Let m = 219 - 113. What is the tens digit of ((-12)/(-24))/(1/m)?
5
Suppose 3*p = 5*y + 3, -7 = -3*p + y + 8. What is the units digit of p?
6
Suppose 29*d - 3360 - 584 = 0. What is the hundreds digit of d?
1
Suppose 6*l = 3 + 15. Suppose -l*t + 87 = -3*o, 4*o = -t - 2*t + 80. What is the units digit of t?
8
Suppose 2812 = -17*g + 19*g + 2*o, 5*g - 7024 = o. What is the tens digit of g?
0
Suppose 5*p - 63 = 3*i, -i = -p + 3*p + 21. Let v = 64 + i. What is the tens digit of v?
4
Suppose 0 = 5*y - 5*k + 95, -3*y - 4*k = -2*y - 1. What is the units digit of (-1)/(-3) - 10/y?
1
Let c = -81 - -86. Suppose -4*u - 2*x + c = -15, 4*u = -3*x + 24. What is the units digit of u?
3
Let p = 1397 + -907. What is the tens digit of p?
9
Let q = -251 - -506. Let b = 370 - q. What is the hundreds digit of b?
1
Let f(v) = 3*v - 52. Let c be f(23). Suppose 0 = 16*p - c*p + 88. What is the tens digit of p?
8
Suppose 2*t = 4*t - 2*o - 94, t - 45 = -o. Suppose -5*j + t = -a, j = a + 33 - 7. What is the units digit of (-174)/a + (-4)/14?
8
Let k = 917 - 12. What is the tens digit of k?
0
Suppose 3*l - 729 = -7*f + 6*f, -4*l + 972 = 4*f. What is the hundreds digit of l?
2
Suppose 118*r - 114*r - 1344 = 0. What is the hundreds digit of r?
3
What is the thousands digit of 148/(-6)*22188/(-344)?
1
Let o be 104/18 + (-5)/(-45)*2. Suppose o*r = 3*r + 180. What is the tens digit of r?
6
Suppose -4*c + 156 = -2*c - 2*g, 0 = 2*c + 2*g - 164. Let q = -53 + c. What is the tens digit of q?
2
Suppose -8*l + 148 = -4*l. What is the units digit of -5 + l + -3*1?
9
Suppose 0 = 5*r - 3*t - 32 - 56, 28 = r + 2*t. Let y = -15 + r. Let a = y + 1. What is the units digit of a?
6
What is the tens digit of (-493)/(91/14 - 7)?
8
Suppose 4*y + 5*c = -y + 110, 2*c = -4*y + 86. Suppose 465 - y = 6*f. What is the units digit of f?
4
Let c(d) = d**3 + 57*d**2 + 59*d - 144. What is the thousands digit of c(-55)?
2
Suppose 24 = -3*t + 84. Let p be (-15)/(-2)*24/t. Suppose p + 4 = o. What is the tens digit of o?
1
Let x be 54/15 - 4/(-10). Suppose -3*b - 16 + x = 0, -351 = -5*v - b. What is the units digit of v?
1
What is the units digit of (-4 - -48)*(21 - (-2 + 4))?
6
Suppose 3*k - 10 - 4 = -5*v, -2*k - 2*v = -12. Suppose 3*m - 29 + k = 0. What is the units digit of m?
7
Let p(q) = -q**3 - 5*q**2 - q - 3. Let c be p(-5). Suppose n + 4*k - c = 33, 5*n - 2*k = 263. Suppose 6*u - n = 3*u. What is the units digit of u?
7
Let x be ((-7)/14)/((-2)/(-104)). Let t = x + 127. What is the hundreds digit of t?
1
What is the tens digit of (992970/1239)/(6/28)?
4
Let k(x) = -2*x**3 - 6*x**2 + 8*x + 9. What is the units digit of k(-4)?
9
Suppose 14*w = 12*w + 52. Suppose 0*k = -2*k + w. What is the tens digit of k?
1
Let r = 43 - 37. Suppose -688 = 2*m - r*m - 3*p, -516 = -3*m - 5*p. Suppose -4*f + 2*x = 4*x - m, -x + 176 = 4*f. What is the tens digit of f?
4
Suppose -1504 = -9*j + 1835. What is the hundreds digit of j?
3
Let b = 5640 - 2597. What is the tens digit of b?
4
Let j = -34 + 20. What is the tens digit of j*6*(-3)/(-18)*-4?
5
Let o = 3 + -2. Let k(i) = 2*i + 4 - i**2 - o + 0 + 2*i**2. What is the units digit of k(-2)?
3
Let a = 356 - 180. Let c = a + -120. What is the units digit of c?
6
Let h be 3/(-1) - (-1 + -2). Suppose 0 = 4*x + 2*v, h*x - 2*v - 9 = -5*x. What is the tens digit of (-7 + -50)*x/(-3)?
1
Let s = -8 - -12. Let k be -4*s/4*-1. Suppose -107 = -k*l - 3*o, -2*l + 6*o = 4*o - 36. What is the tens digit of l?
2
Suppose -4*i + 2*f = f - 14, 4*i + 3*f = 22. Suppose r - 46 = 2*w, -2*r + 3*w = -92 + 5. What is the units digit of (54/i)/(27/r)?
8
Suppose 5*c - c = 364. Suppose -44 = 3*i + c. Let b = i - -74. What is the units digit of b?
9
Suppose -2*c + 16 = 2*c. Let g = -14 + c. Let w(x) = -x + 7. What is the units digit of w(g)?
7
Let o = -33 + 36. Suppose -2*q + 236 = -v + 7, -4*v = o*q - 338. What is the tens digit of q?
1
Let f = -35 - 0. What is the units digit of -212*(f/(-20) - 2)?
3
Let l(r) = 2*r + 12. Let q(i) = -i**3 - i - i**2 - 5*i**2 + 1 - 6 + 4. Let w be q(-6). What is the units digit of l(w)?
2
Suppose -38303 = -45*t - 8063. What is the units digit of t?
2
Suppose k + 3*k = -5*j - 53, 0 = -3*k - 4*j - 41. Let i(b) = -19*b + 2. What is the hundreds digit of i(k)?
1
Let h = 110 + -111. Let m(k) = -51*k + 2. What is the tens digit of m(h)?
5
Suppose -4*k - 1021 = -5*k + 3*m, -5*k = -2*m - 5066. What is the thousands digit of k?
1
Let n be (-1)/4*0/11. Suppose n = -2*z - 0*z + 314. Suppose p = -p + 6, -5*p = -4*r + z. What is the tens digit of r?
4
Let i(p) = 33*p**2 - 4*p + 1. Let v be i(2). Suppose -5*l = -100 - v. What is the tens digit of l?
4
Let b be 5/((-20)/(-16)) - -1 - 3. Let m(u) = -4*u + 2*u + 3 - u + 3*u**2. What is the units digit of m(b)?
9
Suppose -y = 5*y - 4056. What is the hundreds digit of y?
6
Let o = 4 - -7. Let z = 72 + o. Suppose -3*d + z + 4 = -3*j, j + 125 = 4*d. What is the tens digit of d?
3
Let s(j) = j**3 + 23*j**2 + 18*j - 33. What is the hundreds digit of s(-21)?
4
Let j = -7 - -9. Suppose -3*u = 3*s - 102, j*s - 3*u - 194 = -3*s. Suppose 0 = 5*h + s - 147. What is the units digit of h?
2
Suppose -4*v - 7*i + 3*i - 72 = 0, 84 = -4*v - i. Let u = v + 27. Let m = u + -1. What is the units digit of m?
4
Let l(p) = p**3 + 13*p**2 + 12*p + 4. Let k be l(-12). Suppose 0*a - 8 = -k*a. Suppose a*t + 3*c = 35, t - 28 = c + c. What is the tens digit of t?
2
Suppose 5*c - 4*g = 1, -c + 0*g - g = 7. Let p(y) = -2*y**3 - y**2 - 7*y - 1. What is the tens digit of p(c)?
6
Let x(h) = 18*h**2 + 2*h + 5. What is the hundreds digit of x(-6)?
6
Suppose -a = -4*a + 51. Suppose a = 5*y + 2. Suppose -4*q = 16, 3*q + 2*q = -y*g + 61. What is the units digit of g?
7
Let z = -7 - -13. What is the tens digit of 242/z - 14/(-21)?
4
What is the tens digit of -3 + 5 + (-24)/3 - -138?
3
What is the units digit of 14/21*555 + 1?
1
Suppose 6 + 1 = u. Let l = -7 - 3. Let o = u - l. What is the tens digit of o?
1
Let g = -20 - -259. What is the tens digit of g?
3
Let g be 0 + 1 - (2 + 0). What is the units digit of (-75)/g - (-14)/7?
7
Suppose 3*g = -3 - 3. Let n = 71 - g. What is the tens digit of n?
7
Suppose -3*h - 5*c + 3346 = 0, -3